270073
What are the prime factors of 119022653?
119022653
What are the prime factors of 3106533009?
3, 47, 22032149
What are the prime factors of 4907519800?
2, 5, 24537599
What are the prime factors of 1419031017?
3, 19, 8298427
What are the prime factors of 4263932754?
2, 3, 463, 511631
What are the prime factors of 3868145682?
2, 3, 199, 587, 5519
List the prime factors of 334965405.
3, 5, 22331027
List the prime factors of 53375165.
5, 79, 163, 829
List the prime factors of 1371903887.
53, 4133, 6263
List the prime factors of 30348949.
233, 130253
What are the prime factors of 2042746?
2, 1021373
List the prime factors of 91950296.
2, 11493787
What are the prime factors of 1787994230?
2, 5, 11, 1693, 9601
List the prime factors of 90465973.
13, 19, 366259
What are the prime factors of 1394758846?
2, 13, 17, 3155563
What are the prime factors of 4772711?
103, 46337
What are the prime factors of 389461206?
2, 3, 421, 154181
List the prime factors of 124980122.
2, 491, 127271
What are the prime factors of 438974290?
2, 5, 19, 37, 41, 1523
What are the prime factors of 43016620?
2, 5, 2150831
List the prime factors of 1968973563.
3, 19991, 32831
List the prime factors of 273954746.
2, 13, 810517
List the prime factors of 59466999.
3, 19822333
What are the prime factors of 277439895?
3, 5, 53, 61, 1907
List the prime factors of 310513236.
2, 3, 11, 31, 75883
What are the prime factors of 593110027?
593110027
List the prime factors of 220880761.
79, 109, 113, 227
What are the prime factors of 119113547?
7, 1553, 10957
List the prime factors of 1114405014.
2, 3, 185734169
List the prime factors of 206765823.
3, 11, 223, 28097
List the prime factors of 144432288.
2, 3, 7, 11, 13, 167
What are the prime factors of 206870699?
7, 4221851
What are the prime factors of 305313493?
305313493
List the prime factors of 89921.
13, 6917
What are the prime factors of 268582078?
2, 31, 4331969
List the prime factors of 6844725428.
2, 223, 1123, 6833
List the prime factors of 762698.
2, 19, 20071
List the prime factors of 132203554.
2, 7, 1889, 4999
List the prime factors of 924141573.
3, 17, 6040141
What are the prime factors of 23024738?
2, 11, 1046579
What are the prime factors of 2271230436?
2, 3, 19, 499, 19963
What are the prime factors of 160600352?
2, 11, 23, 83, 239
List the prime factors of 30418180.
2, 5, 13, 116993
What are the prime factors of 208644415?
5, 7, 19, 29, 31, 349
List the prime factors of 218711593.
12119, 18047
What are the prime factors of 293335917?
3, 7, 1483, 9419
What are the prime factors of 6760431038?
2, 17, 198836207
What are the prime factors of 3095489846?
2, 17, 91043819
What are the prime factors of 64186659?
3, 43, 165857
List the prime factors of 400826287.
179, 2239253
What are the prime factors of 66404098?
2, 311, 106759
What are the prime factors of 78753004?
2, 11, 883, 2027
List the prime factors of 41952420.
2, 3, 5, 233069
List the prime factors of 36801432.
2, 3, 347, 491
List the prime factors of 2858224778.
2, 1913, 747053
List the prime factors of 65526013.
7, 9360859
List the prime factors of 268997855.
5, 7, 7685653
What are the prime factors of 631798096?
2, 769, 51349
What are the prime factors of 328131078?
2, 3, 11, 61, 149, 547
What are the prime factors of 151343872?
2, 283, 2089
List the prime factors of 40972765.
5, 43, 149, 1279
List the prime factors of 56599540.
2, 5, 2829977
What are the prime factors of 77105077?
7, 37, 71, 599
List the prime factors of 349022532.
2, 3, 947, 30713
What are the prime factors of 1352480?
2, 5, 79, 107
What are the prime factors of 241654656?
2, 3, 41, 15349
What are the prime factors of 108006264?
2, 3, 500029
What are the prime factors of 632526083?
7, 90360869
List the prime factors of 774646570.
2, 5, 77464657
What are the prime factors of 3425832?
2, 3, 47581
What are the prime factors of 1549003842?
2, 3, 19, 4529251
List the prime factors of 121471028.
2, 7, 19, 41, 5569
What are the prime factors of 1610495726?
2, 7, 331, 347539
List the prime factors of 306848471.
306848471
What are the prime factors of 284179191?
3, 17, 23, 14251
What are the prime factors of 259639271?
67, 57839
List the prime factors of 811808555.
5, 173, 938507
What are the prime factors of 99310665?
3, 5, 23, 287857
List the prime factors of 3027014637.
3, 6761, 149239
List the prime factors of 543179825.
5, 21727193
What are the prime factors of 47944976?
2, 2996561
List the prime factors of 30865855.
5, 6173171
What are the prime factors of 128045174?
2, 67, 101, 9461
List the prime factors of 593795984.
2, 179, 207331
List the prime factors of 107784184.
2, 29, 464587
List the prime factors of 22464105.
3, 5, 41, 36527
List the prime factors of 600454964.
2, 61, 2460881
List the prime factors of 163340999.
2089, 78191
List the prime factors of 3486867456.
2, 3, 53, 2677
What are the prime factors of 8111680085?
5, 1622336017
List the prime factors of 2557502553.
3, 151, 5645701
What are the prime factors of 83200689?
3, 11, 13, 653
What are the prime factors of 1768675235?
5, 919, 384913
List the prime factors of 1340291626.
2, 37, 4157, 4357
What are the prime factors of 1621785660?
2, 3, 5, 11, 19, 23, 5623
List the prime factors of 3773102823.
3, 7, 2593, 7699
List the prime factors of 97577503.
257, 379679
List the prime factors of 22976249.
739, 31091
What are the prime factors of 5029902871?
7, 647, 158657
List the prime factors of 232193550.
2, 3, 5, 43, 35999
List the prime factors of 368524175.
5, 14740967
What are the prime factors of 41972971?
41, 1023731
List the prime factors of 1112848708.
2, 278212177
List the prime factors of 132259549.
359, 368411
List the prime factors of 222815116.
2, 271, 205549
List the prime factors of 256984172.
2, 17, 31, 121909
What are the prime factors of 47851415?
5, 1933, 4951
List the prime factors of 102223067.
102223067
List the prime factors of 22159431.
3, 7, 211, 1667
List the prime factors of 33495774.
2, 3, 13, 23, 18671
What are the prime factors of 43706754?
2, 3, 7, 13, 26683
List the prime factors of 2740874385.
3, 5, 17, 10748527
What are the prime factors of 187573322?
2, 743, 126227
List the prime factors of 94277464.
2, 349, 33767
List the prime factors of 1231440540.
2, 3, 5, 11, 19, 283, 347
What are the prime factors of 4642003118?
2, 277, 8379067
List the prime factors of 478269152.
2, 1429, 10459
List the prime factors of 182473197.
3, 60824399
What are the prime factors of 1218747509?
7, 41, 4246507
What are the prime factors of 1441923657?
3, 480641219
What are the prime factors of 5050802589?
3, 7, 240514409
What are the prime factors of 53079478?
2, 26539739
What are the prime factors of 31375378?
2, 977, 16057
List the prime factors of 43271897.
43271897
List the prime factors of 166522654.
2, 127, 655601
List the prime factors of 779864458.
2, 31, 79, 89, 1789
What are the prime factors of 3554101020?
2, 3, 5, 31, 1109, 1723
List the prime factors of 37723618.
2, 18861809
What are the prime factors of 524450773?
7, 11, 97, 1433
List the prime factors of 2733004164.
2, 3, 11, 23, 229, 3931
What are the prime factors of 36642021?
3, 13, 17, 3251
List the prime factors of 443059102.
2, 163, 1359077
What are the prime factors of 1879927472?
2, 5861, 20047
List the prime factors of 24676552.
2, 3084569
List the prime factors of 142316779.
11, 653, 19813
What are the prime factors of 2458753551?
3, 59, 4630421
What are the prime factors of 1256723022?
2, 3, 209453837
What are the prime factors of 14944103?
14944103
List the prime factors of 81939193.
7, 577, 20287
List the prime factors of 432831850.
2, 5, 11, 223, 3529
What are the prime factors of 348253238?
2, 174126619
What are the prime factors of 1122826268?
2, 17, 61, 15923
List the prime factors of 177684733.
409, 434437
What are the prime factors of 1940913043?
1940913043
List the prime factors of 1206960158.
2, 2927, 206177
What are the prime factors of 73842196?
2, 1747, 10567
What are the prime factors of 205075578?
2, 3, 467, 73189
List the prime factors of 2431190119.
11399, 213281
What are the prime factors of 5193179?
139, 37361
What are the prime factors of 2633254170?
2, 3, 5, 87775139
List the prime factors of 16877140.
2, 5, 7, 120551
What